s of 922604710.
2, 5, 92260471
List the prime factors of 100082045.
5, 7, 29, 151, 653
List the prime factors of 335576354.
2, 167788177
What are the prime factors of 2414183983?
23, 104964521
What are the prime factors of 72056259?
3, 11, 503, 1447
List the prime factors of 533216374.
2, 103, 131, 19759
What are the prime factors of 151032939?
3, 50344313
List the prime factors of 1996301412.
2, 3, 7, 7921831
What are the prime factors of 5381419846?
2, 11, 331, 739003
List the prime factors of 460013412.
2, 3, 38334451
What are the prime factors of 71085760?
2, 5, 193, 1151
What are the prime factors of 7166160?
2, 3, 5, 37, 269
List the prime factors of 2942973380.
2, 5, 7741, 19009
What are the prime factors of 205631681?
37, 5557613
What are the prime factors of 3395078693?
3395078693
What are the prime factors of 3057329653?
7, 19, 2053, 11197
List the prime factors of 490900863.
3, 8423, 19427
What are the prime factors of 20478363?
3, 43, 158747
List the prime factors of 55566501.
3, 139, 133253
List the prime factors of 3543569771.
7, 41, 53, 232961
List the prime factors of 61661945.
5, 31, 83, 4793
What are the prime factors of 17871720?
2, 3, 5, 148931
What are the prime factors of 975091094?
2, 6871, 70957
List the prime factors of 114318968.
2, 983, 14537
List the prime factors of 289394421.
3, 96464807
What are the prime factors of 10176249?
3, 3392083
What are the prime factors of 21486845?
5, 4297369
List the prime factors of 13401540.
2, 3, 5, 74453
List the prime factors of 135268354.
2, 13, 17, 29, 61, 173
What are the prime factors of 231758243?
231758243
List the prime factors of 968161635.
3, 5, 7, 3073529
List the prime factors of 282736022.
2, 29, 421, 11579
What are the prime factors of 213483513?
3, 71161171
What are the prime factors of 2393358178?
2, 3947, 303187
List the prime factors of 833905218.
2, 3, 138984203
What are the prime factors of 1821537781?
7, 47, 5536589
List the prime factors of 88916879.
2383, 37313
What are the prime factors of 882368494?
2, 7, 63026321
List the prime factors of 3951868483.
29, 136271327
List the prime factors of 36359463.
3, 7, 193, 8971
List the prime factors of 78001393.
41, 1019, 1867
List the prime factors of 48162265.
5, 233, 41341
List the prime factors of 6893447.
11, 19, 32983
What are the prime factors of 419419216?
2, 79, 331819
What are the prime factors of 3029927538?
2, 3, 11, 31, 1480903
List the prime factors of 1181121548.
2, 19, 37, 420029
What are the prime factors of 2336566320?
2, 3, 5, 11, 23, 101, 127
What are the prime factors of 32720127?
3, 11, 617, 1607
List the prime factors of 1168183577.
11, 17, 599, 10429
What are the prime factors of 2454966148?
2, 43, 53, 71, 3793
List the prime factors of 66893709.
3, 131, 170213
List the prime factors of 84477743.
7, 17, 19, 37363
What are the prime factors of 48256470?
2, 3, 5, 131, 4093
What are the prime factors of 108142886?
2, 54071443
List the prime factors of 1454766590.
2, 5, 10247, 14197
List the prime factors of 8021794782.
2, 3, 839, 1593523
List the prime factors of 142117747.
142117747
List the prime factors of 1346624740.
2, 5, 17, 541, 7321
List the prime factors of 38624413.
38624413
What are the prime factors of 74150094?
2, 3, 12358349
What are the prime factors of 32020366?
2, 7, 1229, 1861
List the prime factors of 1385410435.
5, 101, 2743387
What are the prime factors of 576758297?
576758297
List the prime factors of 1144608673.
13, 59, 109, 13691
List the prime factors of 628398660.
2, 3, 5, 1619, 6469
List the prime factors of 1186756870.
2, 5, 13, 37, 18979
What are the prime factors of 30198325?
5, 1207933
List the prime factors of 67182287.
23, 2920969
List the prime factors of 1754319960.
2, 3, 5, 67, 72733
List the prime factors of 45612311.
1259, 36229
List the prime factors of 308805784.
2, 7, 19, 503, 577
List the prime factors of 38312354.
2, 271, 70687
What are the prime factors of 53909546?
2, 467, 57719
List the prime factors of 278441137.
13, 191, 112139
What are the prime factors of 365979064?
2, 11, 19, 218887
List the prime factors of 129165993.
3, 11, 1304707
What are the prime factors of 22839990?
2, 3, 5, 71, 10723
What are the prime factors of 1624058674?
2, 7, 116004191
What are the prime factors of 82303351?
13, 311, 20357
What are the prime factors of 333160?
2, 5, 8329
List the prime factors of 124131793.
643, 193051
What are the prime factors of 227337558?
2, 3, 7, 139, 5563
List the prime factors of 94330794.
2, 3, 29, 542131
What are the prime factors of 109727314?
2, 43, 1275899
List the prime factors of 2239680147.
3, 17, 163, 269419
What are the prime factors of 870881?
11, 41, 1931
What are the prime factors of 38758161?
3, 13, 41, 24239
List the prime factors of 151030105.
5, 1423, 21227
What are the prime factors of 53056216?
2, 23, 288349
List the prime factors of 1784809869.
3, 887, 670729
What are the prime factors of 430803207?
3, 19, 29, 109, 797
What are the prime factors of 218043409?
59, 661, 5591
What are the prime factors of 78425404?
2, 19606351
List the prime factors of 117503342.
2, 11, 37, 1193
List the prime factors of 209986727.
19, 11051933
What are the prime factors of 81717045?
3, 5, 17, 23, 13933
List the prime factors of 161542407.
3, 13, 37, 111949
List the prime factors of 47220416.
2, 737819
List the prime factors of 40148825.
5, 53, 157, 193
List the prime factors of 184827470.
2, 5, 18482747
What are the prime factors of 556451049?
3, 7, 11, 218989
What are the prime factors of 2654953307?
6397, 415031
List the prime factors of 22581275.
5, 903251
What are the prime factors of 53947862?
2, 2039, 13229
What are the prime factors of 16824491?
16824491
What are the prime factors of 35306359?
11, 173, 18553
List the prime factors of 937074794.
2, 19, 137, 179999
List the prime factors of 78402205.
5, 7, 320009
What are the prime factors of 1404589180?
2, 5, 70229459
List the prime factors of 54476148.
2, 3, 4539679
List the prime factors of 13010840.
2, 5, 325271
List the prime factors of 14353697.
59, 211, 1153
What are the prime factors of 71423592?
2, 3, 2975983
List the prime factors of 98742139.
2239, 44101
List the prime factors of 1572735257.
3041, 517177
What are the prime factors of 16381208?
2, 2047651
What are the prime factors of 453777818?
2, 13, 17452993
List the prime factors of 36752351.
17, 2161903
What are the prime factors of 4196121299?
601, 811, 8609
What are the prime factors of 271065060?
2, 3, 5, 7, 73, 421
List the prime factors of 21367298.
2, 89, 120041
What are the prime factors of 761683375?
5, 6093467
What are the prime factors of 157895292?
2, 3, 103, 127747
List the prime factors of 7153224.
2, 3, 13, 101, 227
What are the prime factors of 2643219341?
7, 193, 701, 2791
What are the prime factors of 1770637702?
2, 19, 46595729
What are the prime factors of 74205338?
2, 127, 292147
List the prime factors of 706274267.
593, 1191019
List the prime factors of 168043471.
47, 61, 58613
What are the prime factors of 533262322?
2, 19, 14033219
List the prime factors of 2179770736.
2, 11, 13, 17, 56041
What are the prime factors of 1877110297?
1877110297
List the prime factors of 99507592.
2, 61, 203909
List the prime factors of 88748096.
2, 103, 13463
List the prime factors of 34796416.
2, 17, 15991
What are the prime factors of 120460329?
3, 11, 43, 28297
List the prime factors of 279195264.
2, 3, 242357
List the prime factors of 2104960836.
2, 3, 11, 113, 141121
List the prime factors of 97596181.
971, 100511
What are the prime factors of 230564020?
2, 5, 37, 173, 1801
What are the prime factors of 309028180?
2, 5, 15451409
List the prime factors of 1320616500.
2, 3, 5, 7, 29, 4337
List the prime factors of 19298503.
7, 393847
List the prime factors of 60501534.
2, 3, 10083589
What are the prime factors of 592745352?
2, 3, 24697723
What are the prime factors of 670881322?
2, 335440661
What are the prime factors of 1455329572?
2, 363832393
What are the prime factors of 47142100?
2, 5, 197, 2393
What are the prime factors of 2954155633?
11, 13, 31, 257, 2593
What are the prime factors of 4251947?
7, 607421
What are the prime factors of 130065621?
3, 7, 19, 23, 14173
What are the prime factors of 3934517462?